 + 31*o + 163. Let k be j(-6). Let t = u - k. What is the tens digit of t?
4
Suppose 4*t - 408 = -2*t. Suppose 5*j - t = -383. Let u = j - -95. What is the units digit of u?
2
Let k(s) = -s**3 + 21*s**2 - 21*s + 9. Let p = 100 + -81. What is the tens digit of k(p)?
3
Suppose 16 = -2*y - 56. Let o = y + 176. Suppose 3*q - o = -2*q. What is the tens digit of q?
2
Suppose 0 = -209*p + 178*p + 150637 + 558178. What is the thousands digit of p?
2
Suppose 48 = -3*q - 132. Let i = -44 - q. Let w = 23 - i. What is the units digit of w?
7
Suppose -83*v + 654 = -77*v. Suppose 154 + v = f. What is the units digit of f?
3
Suppose -4*w = -2*w - 2. Let k be w + (-10 - 0/4). Let j = 44 - k. What is the tens digit of j?
5
Let l(y) = 4 - 6 - 17 + 6*y**2 - y**3 + 4*y. Let f be l(6). Suppose 0 = -f*z - 78 + 1008. What is the hundreds digit of z?
1
Let x(u) = -240*u - 38. Let r be x(-3). Suppose 4*t = 2*t - 4*o + r, 0 = 5*t - 2*o - 1693. What is the tens digit of t?
3
Suppose -9*l + 8*l = 3*b - 13, 2*l - 4*b = -4. Suppose -l*q + 2029 = -3*o - 726, 3443 = 5*q - 3*o. What is the units digit of q/6 + (-6)/(-18)?
5
Suppose -7000 = -p - 5681. What is the hundreds digit of p?
3
Let i(s) = s**2 + 5*s - 151. Let m be i(30). Suppose -5*l + 65 = 5*d - 1380, -m = -3*l + 5*d. What is the tens digit of l?
9
Let q be (-2)/8 - (-5)/4. What is the hundreds digit of -26*(0/q - 34)?
8
Let f = 102 + 404. Let j(o) = 361*o + 5. Let a be j(-1). Let v = f + a. What is the units digit of v?
0
Suppose -4*d + 3*c = 332, 8*c = 2*d + 3*c + 152. Let b = 193 + d. What is the hundreds digit of b?
1
Let v = 345 - 345. Suppose 25*q - y = 21*q + 1563, v = q + 5*y - 396. What is the tens digit of q?
9
What is the units digit of 112166/30 - 336/(-2520)?
9
Let g(x) = x + 6. Let z be g(-3). What is the hundreds digit of (-710)/z*((-832)/(-65) - 14)?
2
Let h(d) = -8*d + 69. Suppose 13 = -3*x - 4*o + 6*o, x + o + 6 = 0. What is the units digit of h(x)?
9
What is the hundreds digit of (10 - -42369) + (-7 - -11)?
3
What is the thousands digit of (96/9)/((-6)/9 + (-874)/(-1308))?
6
Let x = 838 - -3991. What is the hundreds digit of x?
8
Suppose 173 + 51 = 7*n. Let d = 38 - n. Suppose 0 = -q + d*q - 20. What is the units digit of q?
4
Let r(a) = 9*a + 39. Let o be r(-5). Let w(j) = -106*j + 9. What is the tens digit of w(o)?
4
Let u = 8867 + -5729. What is the tens digit of u?
3
Let c = -797 + 1302. Let m = c + -147. Suppose -4*b - 74 = -v, -m = -5*v + b - 7. What is the tens digit of v?
7
Let t(g) = -9*g + 35. Let x be t(-12). Let b = x + 397. What is the tens digit of b?
4
Suppose -288 = -4*n + 4*l - 80, -l + 172 = 3*n. Suppose -4*c + 47 = 3*i, 3*c - n = -5*i + 4. Suppose 0 = -2*y - i + 123. What is the tens digit of y?
5
Let c = 11900 - -4442. What is the tens digit of c?
4
Let b(y) = 4*y**3 - 5*y**2 - 20*y + 11. Let z be b(8). Suppose 4*q - 5*d - z = 0, -q + 0*d + d + 396 = 0. What is the units digit of q?
1
Suppose -2*j - r = r - 12, j = -2*r + 1. Suppose 5*z = j*z - 1638. What is the hundreds digit of z?
2
Let s be (-2)/(14/(-21)) - 0. Suppose 2022 = 4*f + 3*x, f + s*x - 514 = -2*x. What is the hundreds digit of f?
5
Let t(i) = -2*i**3 + 111*i**2 - 115*i + 48. What is the tens digit of t(52)?
9
Let l be -4 + (87 - 1) - -2. Suppose -g - 17 = -a - l, 0 = -4*a + 5*g - 263. Let f = 258 + a. What is the hundreds digit of f?
1
Let z = -408 + 419. Let n(q) = 5*q**2 - 34*q + 24. What is the tens digit of n(z)?
5
Let o = 27698 - 2657. What is the tens digit of o?
4
Let s(j) = 3272*j + 11. What is the units digit of s(2)?
5
Let w(p) = p**3 - 14*p**2 - 10*p - 20. Let a = 609 + -592. What is the tens digit of w(a)?
7
Suppose 5*r - 1137 = 5*t + 1543, -t + 536 = r. Let m be (r - (8 - 4))*(-1)/(-2). Suppose 162 + m = 4*o. What is the tens digit of o?
0
Let n be (-2)/(-4)*(-162)/27. What is the hundreds digit of (n - 0) + (0 - -530) - 3?
5
Let l = -17 - -25. Suppose -l*f = -86 - 26. Let n = f + 27. What is the units digit of n?
1
Let j(b) be the second derivative of 5*b**3/6 - 25*b**2/2 + 18*b. Let y be j(7). Suppose -y*z = -7*z - 114. What is the units digit of z?
8
Suppose 8*x - 15030 - 4978 = 0. What is the thousands digit of x?
2
Suppose 8*l - 5*l + 39 = 0. Let r = 18 + l. Suppose r*d + 3*j = 260, 128 + 80 = 4*d - j. What is the tens digit of d?
5
Let z(p) = p**3 + 18*p**2 - 44*p + 47. Let m be z(-20). Suppose -g - 173 = -5*f, -2*g + m = 4*f + g. What is the tens digit of f?
3
Suppose -5*j + c + 56215 = 0, -44066 - 12134 = -5*j - 2*c. What is the units digit of j?
2
Let x = 6830 - 125. What is the thousands digit of x?
6
Let o(l) be the third derivative of l**6/120 + l**5/4 - 5*l**4/12 - 35*l**3/6 - 3*l**2 - 6. Let d = -49 - -34. What is the tens digit of o(d)?
1
Let w = -1477 - -3619. What is the tens digit of w?
4
Suppose -d - 24 = 3*k, 4*k + 32 = -2*d - 10. Let b(s) be the first derivative of -s**4/4 - 5*s**3 - 7*s**2/2 - 21*s + 101. What is the units digit of b(d)?
4
Let p = 53 + -329. What is the tens digit of p/(-16) - 2/8?
1
Suppose -5*n - r = r + 68, 3*r = -3*n - 48. Let d(j) = -j**3 - 6*j**2 - 2*j - 9. Let s be d(-6). What is the units digit of (-16)/(s + 44/n)?
4
Suppose -5*x = 4*b - 16 - 3, 3*x - 3*b - 6 = 0. Let h(i) = -i - 7*i - 4*i**2 + 34 + 389*i**3 - 9 - 379*i**x. What is the units digit of h(3)?
5
Let t be (2 - 3) + 5 + 1. Suppose 5*y - h = 4*h + 3785, -t*y - 5*h = -3795. What is the units digit of y?
8
Let v be (-3)/(-2) + 534/4. Suppose -v = 10*i - 705. What is the tens digit of i?
5
Suppose -2*x - 5*x = 189. Let o be 140/18 - 6/x. Let k(i) = -i**3 + 9*i**2 + i + 1. What is the tens digit of k(o)?
7
Suppose 2*q - 590 = a + 10347, -3 = a. What is the hundreds digit of q?
4
Let a be 3/(-3 + 0) + 1. Suppose 12 = 3*k, 4*q + 2*k - 346 - 394 = a. What is the units digit of q?
3
Let y be 144/(-32)*(-4)/(-3) + 0. Let g(k) = 10*k**2 - 6*k - 27. What is the tens digit of g(y)?
6
Suppose -11*j - 228872 = -49*j + 35760. What is the hundreds digit of j?
9
Suppose -5*i + 3685 = -p - 4*p, -5*p - 4*i = 3640. Let o = 2032 + p. What is the units digit of o?
0
Suppose 122*y - 637600 = 42*y. What is the units digit of y?
0
Let d(c) = 2137*c - 7641. What is the units digit of d(15)?
4
Let u(w) = -3*w**3 - 4*w**2 - w + 2. Let g be u(-2). What is the units digit of (-2942)/(-10) - g/60?
4
Let q(b) = -5*b - 216 - 54*b + 1181 - 37*b + 143*b. What is the tens digit of q(0)?
6
Suppose -5*r - 66 = -p + 222, -4*p - 66 = r. Let z = 38 + -192. Let a = r - z. What is the units digit of a?
6
Suppose 14 = 2*w - 4*h, -6 = 3*h - 0*h. Let d = -43 + w. What is the tens digit of (18/(-5))/(12/d)?
1
Suppose 3*s - 3*k = -0*s - 366, 4*s + 509 = -3*k. Let b = -123 - s. What is the units digit of -3*b/21 + 552/21?
6
Suppose 140878 = 7*r - 5*n, 23*n - 20*n - 20118 = -r. What is the ten thousands digit of r?
2
Let f = 107884 + -61590. What is the units digit of f?
4
Suppose 0*a = 3*a + 2*i + 9, -16 = a + 5*i. What is the units digit of (-1784)/((4 + a + 1)/(-2))?
2
Suppose -9*f = 2*j + 4*f - 18223, -3*j - 4*f = -27381. What is the units digit of j?
1
Let y(o) = 276*o**3. Let a be y(1). Let u be 390 + (-4 - -7 - -4). Let s = u - a. What is the tens digit of s?
2
Suppose n = -2*p + 42545, -5*n + p + 0*p + 212725 = 0. What is the hundreds digit of n?
5
Suppose -29*o + 25*o + 12 = 0. Suppose -4*w = -o*c - 34 - 18, 4*w + 28 = -2*c. What is the tens digit of (c/(-6))/4*1155/5?
5
Suppose 0 = 4*t + 2*l + 1274, t + 3*t - 5*l = -1281. Let u = -272 - t. What is the units digit of u?
7
Let n(l) = l**3 + 6*l**2 + 2*l - 11. Let u be n(-5). Suppose 0 = -3*r + r + w + 331, r - u*w = 148. What is the tens digit of r?
6
Suppose 2*x - 540 = 2*n, -400 = -2*x - 3*n + 140. What is the thousands digit of ((-262)/(-3))/(20/x)?
1
Suppose 8*x - 3*d = 4*x + 9446, -4*x + 9452 = -4*d. What is the units digit of x?
7
What is the thousands digit of (4/(-3))/(((-92)/(-281244))/((-11)/2))?
2
Suppose -f + 2409 = -5*u, 0 = 4*u - 4*f + 1147 + 793. Let i = u + 752. What is the tens digit of i?
7
Suppose -5*n = i - 31, 2*i - 4 = -2*n + 10. What is the tens digit of (-1827)/(-6) + n/(-12)?
0
Suppose -4*d + 6 = -d + 3*s, -4*d = -4*s. Let c be 1/d*(-2)/(-2)*59. Let p = 116 - c. What is the tens digit of p?
5
Suppose 0 = -29*k + 158217 + 219305. What is the tens digit of k?
